ommon factor of 305 and 793?
61
What is the greatest common factor of 2291 and 203?
29
What is the highest common divisor of 81 and 864?
27
What is the greatest common factor of 308 and 42?
14
Calculate the highest common divisor of 10833 and 138.
69
Calculate the greatest common divisor of 84 and 564.
12
What is the greatest common divisor of 8 and 446?
2
Calculate the greatest common divisor of 99 and 220.
11
What is the greatest common divisor of 1020 and 90?
30
What is the highest common divisor of 33 and 517?
11
What is the highest common factor of 1152 and 60?
12
Calculate the highest common divisor of 403 and 39.
13
Calculate the highest common factor of 9 and 387.
9
What is the greatest common factor of 59 and 3?
1
Calculate the highest common divisor of 300 and 1320.
60
Calculate the highest common factor of 334 and 2.
2
What is the greatest common divisor of 112 and 140?
28
What is the highest common factor of 2390 and 10?
10
What is the highest common divisor of 27 and 36?
9
What is the highest common divisor of 154 and 352?
22
Calculate the greatest common factor of 75 and 1110.
15
Calculate the greatest common factor of 234 and 9243.
117
Calculate the highest common divisor of 265 and 106.
53
Calculate the highest common divisor of 27 and 513.
27
What is the highest common divisor of 35 and 25?
5
Calculate the greatest common factor of 5968 and 16.
16
Calculate the greatest common divisor of 864 and 8.
8
What is the greatest common factor of 74 and 8?
2
Calculate the greatest common factor of 22 and 638.
22
What is the greatest common factor of 5032 and 136?
136
What is the highest common divisor of 80 and 110?
10
What is the highest common factor of 35 and 1512?
7
Calculate the greatest common factor of 949 and 146.
73
What is the highest common factor of 1 and 128?
1
Calculate the highest common divisor of 392 and 1421.
49
Calculate the greatest common factor of 20 and 135.
5
Calculate the highest common factor of 99 and 189.
9
What is the greatest common factor of 27 and 297?
27
Calculate the highest common factor of 30 and 270.
30
Calculate the highest common divisor of 4845 and 57.
57
What is the greatest common divisor of 39 and 65?
13
Calculate the greatest common factor of 1 and 32.
1
Calculate the greatest common divisor of 5069 and 37.
37
Calculate the greatest common factor of 42 and 182.
14
What is the greatest common factor of 2690 and 230?
10
Calculate the highest common factor of 36 and 4.
4
What is the highest common factor of 351 and 81?
27
What is the highest common factor of 140 and 60?
20
Calculate the highest common factor of 42320 and 23.
23
What is the highest common factor of 80 and 40?
40
What is the greatest common factor of 20 and 196?
4
Calculate the greatest common factor of 49 and 1127.
49
Calculate the greatest common divisor of 6 and 12.
6
Calculate the greatest common factor of 5734 and 122.
122
What is the highest common factor of 3530 and 10?
10
Calculate the highest common factor of 2660 and 1463.
133
What is the greatest common divisor of 4 and 1076?
4
Calculate the highest common divisor of 6 and 50.
2
What is the highest common divisor of 7906 and 134?
134
Calculate the greatest common factor of 1332 and 90.
18
What is the greatest common divisor of 110 and 3410?
110
Calculate the greatest common divisor of 385 and 63.
7
What is the highest common factor of 184 and 88?
8
What is the greatest common divisor of 50 and 450?
50
Calculate the greatest common divisor of 132 and 5467.
11
Calculate the highest common factor of 8 and 3.
1
What is the highest common divisor of 42 and 518?
14
Calculate the highest common factor of 48 and 23736.
24
Calculate the highest common divisor of 85338 and 198.
198
What is the highest common divisor of 15 and 3405?
15
Calculate the greatest common divisor of 27 and 135.
27
Calculate the highest common factor of 204 and 2788.
68
What is the highest common divisor of 276 and 782?
46
Calculate the highest common divisor of 23049 and 117.
117
Calculate the highest common factor of 1083 and 57.
57
What is the greatest common divisor of 5910 and 210?
30
Calculate the highest common divisor of 130 and 416.
26
What is the greatest common divisor of 29 and 145?
29
What is the highest common factor of 10 and 430?
10
What is the highest common divisor of 22 and 11638?
22
What is the highest common divisor of 380 and 360?
20
What is the highest common divisor of 154 and 1414?
14
What is the greatest common factor of 949 and 73?
73
Calculate the greatest common divisor of 153 and 561.
51
Calculate the greatest common factor of 96 and 12.
12
Calculate the highest common factor of 1664 and 13.
13
Calculate the greatest common divisor of 75 and 3.
3
What is the greatest common divisor of 255 and 85?
85
Calculate the highest common divisor of 22466 and 94.
94
What is the highest common divisor of 1936 and 16?
16
What is the greatest common factor of 144 and 18?
18
Calculate the highest common divisor of 1932 and 308.
28
Calculate the greatest common factor of 1341 and 36.
9
Calculate the highest common divisor of 110 and 1720.
10
Calculate the highest common factor of 806 and 62.
62
Calculate the highest common divisor of 8424 and 864.
216
Calculate the highest common factor of 75 and 255.
15
Calculate the greatest common factor of 32 and 1232.
16
Calculate the highest common factor of 275 and 25.
25
What is the greatest common divisor of 170 and 102?
34
What is the greatest common factor of 1037 and 34?
17
Calculate the highest common divisor of 25132 and 61.
61
Calculate the highest common divisor of 505 and 15.
5
What is the highest common divisor of 70 and 294?
14
What is the greatest common factor of 36 and 2304?
36
What is the greatest common factor of 32 and 176?
16
Calculate the highest common factor of 136 and 34.
34
What is the highest common factor of 3795 and 1188?
33
Calculate the highest common divisor of 10 and 15.
5
What is the greatest common divisor of 287 and 14?
7
What is the highest common factor of 49 and 287?
7
Calculate the highest common divisor of 18 and 666.
18
What is the greatest common divisor of 440 and 165?
55
Calculate the greatest common divisor of 91319 and 53.
53
What is the greatest common factor of 24 and 64?
8
Calculate the greatest common divisor of 4732 and 28.
28
What is the highest common divisor of 35 and 7945?
35
What is the greatest common factor of 3 and 489?
3
What is the greatest common factor of 2 and 362?
2
What is the highest common factor of 65 and 325?
65
What is the greatest common divisor of 26 and 13?
13
Calculate the highest common factor of 104 and 416.
104
Calculate the highest common divisor of 261 and 15341.
29
Calculate the greatest common divisor of 204 and 300.
12
Calculate the highest common factor of 20 and 3970.
10
What is the greatest common factor of 42 and 42?
42
What is the greatest common divisor of 42 and 2464?
14
What is the greatest common divisor of 216 and 378?
54
What is the greatest common divisor of 96 and 3972?
12
What is the greatest common factor of 50 and 20?
10
What is the greatest common divisor of 9 and 32?
1
What is the greatest common divisor of 3 and 81?
3
What is the greatest common factor of 15 and 120?
15
Calculate the highest common factor of 15179 and 129.
43
Calculate the greatest common factor of 88 and 11000.
88
Calculate the greatest common factor of 576 and 32.
32
Calculate the greatest common factor of 966 and 42.
42
What is the greatest common divisor of 48 and 420?
12
Calculate the highest common divisor of 6 and 15312.
6
What is the highest common factor of 360 and 1224?
72
Calculate the greatest common divisor of 3360 and 20.
20
Calculate the greatest common factor of 27 and 711.
9
What is the greatest common divisor of 650 and 78?
26
What is the greatest common divisor of 96 and 352?
32
What is the highest common divisor of 1218 and 294?
42
What is the greatest common factor of 14 and 112?
14
What is the highest common factor of 99 and 22?
11
Calculate the highest common factor of 800 and 60.
20
Calculate the highest common factor of 4503 and 237.
237
What is the highest common divisor of 108 and 630?
18
What is the highest common divisor of 1742 and 13?
13
What is the 